g be ((-2)/(-6))/(1/l). Let i(o) = -o**3 + 3*o**2 - 3*o + 2. Determine i(g).
-7
Let f(b) = b**2 + b. Let t(p) = -6*p**2 + 2*p + 5. Let a(x) = -3*f(x) - t(x). Let q be a(3). Let v(d) = -d**3 + 7*d**2 - d + 8. Determine v(q).
1
Let c(u) = 2*u**3 - 3*u**2 + 4*u - 3. Let q(a) = 2*a**2 - 27*a - 60. Let x be q(-2). Calculate c(x).
9
Let k(i) = -2 - 7*i + 37*i - 6*i - 9*i - 14*i. Determine k(6).
4
Let h(g) = -g**3 + 6*g**2 - 2*g + 5. Let b be (-6)/7*(-21 - -14). Calculate h(b).
-7
Let u be 66/10 - (-2 + (-8)/(-5)). Let q(r) be the first derivative of u - r + 1/2*r**2. Calculate q(1).
0
Let t be ((-260)/(-91) + -2)/(2/(-14)). Let y(i) = 7*i + 49. Determine y(t).
7
Let h(a) = -a**3 + 9*a**2 - 11*a + 7. Suppose 0 = -2*y - 0*m - m + 13, -4*y + 3*m + 31 = 0. Calculate h(y).
28
Let r(c) be the second derivative of -1/2*c**2 - 1/6*c**4 - 38*c + 0 + c**3. Give r(4).
-9
Let v(r) = -r**3 + 5*r**2 + 6*r + 2. Let t be 4/(4*(52/24 - 2)). Calculate v(t).
2
Let t(k) = k**2 - 5*k + 12. Let r be t(4). Let z(w) = -12 + 8*w + 7*w**2 + 33 - 13 - w**3. Determine z(r).
8
Let k(s) = -s + s - 3*s**2 - 5*s**2 + 10*s**2. What is k(2)?
8
Let f(g) = 3*g + 9. Let p(a) = 5*a + 14. Let c = 2 - -3. Let j(d) = c*p(d) - 8*f(d). Suppose 4*t - 1 = 5*z, 0*t + 20 = 2*t + 4*z. Give j(t).
2
Let r(i) = -i - 1. Suppose 26 = -2*g - 2*g + x, 5*x = 4*g + 34. Let q = g - 0. Give r(q).
5
Let a(o) = -6*o**2 + 1 + o**3 + 0 + 14*o - 16*o. Calculate a(6).
-11
Let v(t) = 6*t - 4*t - 15 + 2*t - 11*t. Calculate v(-3).
6
Let h(b) be the first derivative of b**4/2 - b**3/3 - b**2/2 - 114. Give h(-1).
-2
Let g(o) = 7*o**3 - 2*o**2 + 4*o - 7. Let p(y) be the first derivative of -3*y**4/4 + y**3/3 - y**2 + 4*y - 36. Let h(v) = 3*g(v) + 5*p(v). Calculate h(1).
6
Let y be 2/8 - ((-230)/40 + -4). Let d(v) = v**3 - 9*v**2 - 9*v - 1. Determine d(y).
9
Let z(w) be the first derivative of -w**4/4 - w**2/2 + 2*w + 3. Let h = -3 + 8. Suppose 0*c = -h*c. Give z(c).
2
Suppose -2*u + 49 = 5*r, 17 = -0*r + r + 4*u. Let x(w) = -6*w - 4*w + r*w. Suppose -8*l = -6*l + 8. What is x(l)?
4
Let g(j) = j**3 + j**2 - 3*j + 1. Let s(p) = 5*p + 2. Let d be s(3). Let y(w) = 7*w + 27. Let f be y(-6). Let h = d + f. Calculate g(h).
7
Let z(x) = -x**3 - 8*x**2 + 11*x - 7. Let f(n) = -n**2 + 2*n - 1. Let j(u) = -6*f(u) + z(u). Let b = 5 - 9. Let h = 1 + b. Determine j(h).
11
Let r(d) be the third derivative of d**5/60 - d**4/3 + 11*d**3/3 - 192*d**2. Give r(5).
7
Let c(r) be the first derivative of -r**4/4 - r**3 - r**2 - 1. Determine c(-3).
6
Let h(u) = 2*u - 1. Let c(i) = 9*i. Let q(f) = -c(f) + 4*h(f). Calculate q(-3).
-1
Let h(m) = 11*m + 23*m**2 - 5*m**3 - 25*m**2 + 2 - 8*m + 3*m**3. Suppose -c + 6*c = -10. Determine h(c).
4
Suppose -29 - 5 = -5*a + 3*v, -6 = 2*v. Suppose -t = 2*d - 9, 4*d - 26 = -a*t + 1. Suppose 4 = -t*h + 7. Let u(j) = 6*j. Give u(h).
6
Let z(l) be the second derivative of -l**6/120 - l**5/12 + l**4/3 + 4*l**3/3 + l**2 - 2*l. Let m(c) be the first derivative of z(c). Let d = -5 - 1. Give m(d).
-4
Let o(u) = 3*u**2 + 7*u + 2. Let y(t) = 2*t**2 + 4*t + 1. Let s(z) = 3*o(z) - 5*y(z). Let p(h) = -h**2 + 4*h + 12. Let d be p(-2). Give s(d).
1
Let p(f) = -f**2 + 7*f + 2. Let s(n) = -5*n**2 + 29*n + 7. Let u(l) = -9*p(l) + 2*s(l). Let z = 179 - 181. Let r be u(z). Let b(t) = 3*t - 3. Give b(r).
3
Suppose -3*m = -p - 7, m = 2*p - m + 2. Let j(d) = 4*d**2 + d**2 - 7*d**p. Calculate j(-2).
-8
Suppose -1 = -2*a - 5. Let i(j) be the third derivative of -j**6/120 - j**5/30 - j**4/6 - j**3/2 + 2*j**2 + 83. Give i(a).
5
Let o(p) be the second derivative of -p**4/12 - p**2/2 + 15*p. Let m(a) = -12*a**2 - 12. Let g(w) = m(w) - 10*o(w). What is g(-3)?
-20
Suppose -8*u - 30 = -3*u. Suppose -6 = -2*a - 0. Let i(r) = -1 + 3 - a*r - 3*r - r**2 + 0. What is i(u)?
2
Let r(w) = 317*w - 3 - 953*w + 316*w + 316*w. Suppose 0 = 5*h - 2*u + 22, -4*h + u - 15 = 2. Determine r(h).
13
Let q(g) be the third derivative of -1/120*g**6 + 0*g + 0*g**5 + 2/3*g**3 + 0 - 1/24*g**4 - g**2. Let k(a) = a**2 + 5*a + 4. Let z be k(-4). Calculate q(z).
4
Let v(r) be the second derivative of -r**5/20 + r**4 + 11*r**3/6 + 7*r**2 + 6*r + 2. Determine v(13).
-12
Let q(z) = 4*z**2 + 4*z**3 - 3 - 2*z + 4 - 5*z**3. Let v(l) = l**3 + l**2 + 9*l + 47. Let o be v(-3). Give q(o).
5
Let j(s) = s**2 + s + 4. Suppose -4*i - 2*g + 9 = -7*g, 4*i - 2*g - 6 = 0. Let d(n) = 5*n - 6*n + 3 - i. Let w be d(5). What is j(w)?
10
Let t be 14/35 + (-1041)/15. Let x = t + 73. Let d(o) = o**3 - 4*o**2 - o + 5. Give d(x).
1
Suppose -5*g + 7*t + 1 = 4*t, 5*g - 13 = -t. Let k(v) = 0*v + v**3 + 2*v - 2*v**2 - 3 - v - g*v. Give k(3).
3
Let y(w) = w**2 + 5*w - 3. Let u be 7 + ((-2)/(-4) - (-15)/(-6)). Let v be (-2)/u*(-11)/((-66)/(-45)). Calculate y(v).
21
Let k(g) = 13*g**2 - 9*g + 5. Let p(w) = -4*w**2 + 3*w - 1. Let c(v) = 2*k(v) + 7*p(v). Determine c(-2).
-11
Let a(v) be the third derivative of -v**4/24 + v**3/6 - 670*v**2. Suppose -4*g - 4 + 16 = 0. Determine a(g).
-2
Let n(m) = m**2 + 1. Let l(h) = -3*h**2 + 13*h - 3. Let k be l(4). What is n(k)?
2
Let w(k) be the second derivative of 20*k**3 - k - 17*k**3 + 13*k. Give w(-1).
-18
Let x(v) = v**3 - 5*v**2 + 7*v - 11. Let o be x(4). Let j(l) = l + 5*l**2 + 4 - 4. Calculate j(o).
6
Let s be 13 + -15 + 0/(-6). Let r(j) = -3*j**3 - 6*j**2 + 4. Let t(k) = -15*k**3 - 31*k**2 + k + 21. Let o(u) = -11*r(u) + 2*t(u). Calculate o(s).
-14
Suppose 0*r + r - 2 = w, r = 2*w + 1. Suppose -13 + 1 = r*l. Let p(u) = -2*u**2 - 6*u. Calculate p(l).
-8
Let x(d) = d**3 + 6*d**2 + 5*d + 6. Let f = 90 + -96. Determine x(f).
-24
Suppose 6*h - 54 + 12 = 0. Let z(v) = -5*v - 15. Let l(b) = 4*b + 15. Let x(s) = h*l(s) + 6*z(s). What is x(10)?
-5
Let t(c) = -5*c**2 + 13*c - 10. Let z(j) = j**2 - 3*j**2 + 25*j - 7*j**2 - 19. Let p(r) = 11*t(r) - 6*z(r). Give p(-7).
4
Let d(f) = 2*f + 2. Let t(p) = 5*p + 51. Let a(r) = -4*d(r) + t(r). What is a(16)?
-5
Let k(q) = q**3 - 29*q**2 + 59*q - 131. Let z be k(27). Let n(w) be the third derivative of -w**4/24 - w**3/2 - 2*w**2. Determine n(z).
-7
Let q(m) = -15*m**2 - 15*m + 34. Let y(k) = -7*k**2 - 7*k + 16. Let z(p) = -6*q(p) + 13*y(p). Calculate z(-3).
-2
Let x(b) = 4 - b**2 - 7 - 5 + 6*b + 7*b - 2. Give x(8).
30
Let s be 1 + 5 - 1 - 4. Let y(q) = 15*q**2 - 2*q + 1. Give y(s).
14
Let d(g) be the first derivative of -g - g**2 - 22 - 2/3*g**3 - 7*g**4. Give d(-1).
27
Suppose 5 - 1 = 2*h. Suppose 0 = 3*m + h*m + 20. Let j(g) be the second derivative of -g**5/20 - g**4/2 - 2*g**3/3 + g**2/2 - 8*g - 2. Calculate j(m).
-15
Let j(q) be the first derivative of -q**4/4 - 2*q**3 - 5*q**2 - 4*q + 192. Determine j(-4).
4
Suppose 0 = -0*d - 4*d - 24. Let b(y) = -2*y**2 - 17*y - 6. Let h be b(-8). Let t(q) = q + h - 6*q - 6*q**2 - q**2 + 6*q**2. What is t(d)?
-4
Let p(j) = -145*j + 33. Let q(g) = -65*g + 16. Let u(x) = -4*p(x) + 9*q(x). Determine u(3).
-3
Let b(x) be the third derivative of x**6/120 + x**5/15 + x**4/8 - x**3/3 + 507*x**2. What is b(-4)?
-14
Let p(k) = 0 - k**3 + 7*k**2 - k - 2 + 8. Let i(g) = -g - 1. Let l be i(-19). Let b be 44/6 + (-6 - (-102)/l). Calculate p(b).
-1
Suppose -18*z = -21 - 69. Let t(p) = -p**3 + 6*p**2 - 2*p + 6. Give t(z).
21
Let k(t) = -t - 6. Let n(s) = s + 5. Let j(m) = -3*k(m) - 4*n(m). Let u be 2/7 + 47/7. Suppose 0 = -f + 3 - u. What is j(f)?
2
Let s(p) be the second derivative of -p**5/60 + 17*p**2/2 - 24*p. Let x(b) be the first derivative of s(b). Give x(-3).
-9
Let k be 1480/56 - (-6)/(-14). Suppose 4 = b, -b + k = 3*u + b. Let v(i) = -2*i + 8 + 0 - u - i - 2*i**2. Calculate v(2).
-12
Let r(g) = 9*g + 18. Let c(v) = 7*v - 1. Let j(a) = -c(a) + r(a). What is j(-8)?
3
Let t be (-8 + 4)/(-1*2). Let a(j) = 17*j - j**2 - 1 + 4 + 0*j**t - 11*j. Determine a(5).
8
Let i(t) = -2*t**2 + 6*t - 5. Let x = -679 - -682. Determine i(x).
-5
Let y(s) = -s**3 + 6*s**2 + 6*s + 10. Let a = -65 + 95. Suppose -4*k - 2 + a = 0. Give y(k).
3
Suppose -7*g = -11*g + 20. Suppose 3*y - g = 4*y. Let b(z) = z**3 + 6*z**2 + 2*z - 3. What is b(y)?
12
Suppose 0 = -4*a - 6 - 6. Suppose 5*v = 13 - 3. Let w(x) = -690 + 690 + v*x. What is w(a)?
-6
Suppose 0 = -3*a - 5*c + 11, -5*a + 8*a - 4 = 2*c. Let g(f) = -4*f + 3. What is g(a)?
-5
Let b(z) = -z + 3 + 2*z**2 + 2 + 2*z**2 + 6*z**3 - 5*z**3. Calculate b(-4).
9
Let l(d) = 